 = 72 + j. What is the units digit of i?
9
Let y(s) = 14*s - 1. Let v be y(0). What is the units digit of ((-9)/4)/9*(v - 483)?
1
Suppose -2*k - 338 - 28325 = -5*b, -3*b = -5*k - 17194. What is the tens digit of b?
3
Let i(g) = g**3 - 2*g**2 + 9*g + 25. Let r = 280 + -269. What is the thousands digit of i(r)?
1
Let n(i) = 21*i**2 - 7*i - 32. What is the tens digit of n(9)?
0
Suppose 3*f + 0*f = -6, 3*f = -5*k + 25364. Suppose -k - 5806 = -20*g. What is the units digit of g?
4
Let z(y) = -y**3 + 21*y**2 + 19*y + 81. Let m be z(22). Let q(v) = 5 - 1 + 2 + 2*v. What is the tens digit of q(m)?
3
Suppose -f = -5*l + 130546, 0 = 5*l - 16*f + 17*f - 130564. What is the tens digit of l?
1
What is the tens digit of 4 + 0 - (-15871 + 19 + -40)?
9
Let z = 71 + -70. What is the units digit of 7 + (7 - -260) + -1 + z?
4
Let p(c) = -c**2 + 11*c - 5. Let f be p(10). Let d = f + 16. Suppose -9*a - d = -12*a. What is the units digit of a?
7
Suppose 2*n - 3*s + 49 = 0, -s + 5 = 4. Let l = -11 - n. What is the units digit of l?
2
Let s(m) = -m**3 - 12*m**2 + 12*m - 1. Let w be s(-13). Suppose 8*t = w*t - 160. What is the tens digit of t?
4
Let a(x) = x**3 + 8*x**2 - x - 15. Let i be a(-8). Let y = i - -424. What is the units digit of y?
7
Let m be (-161 - 15)*(-1084)/16. Suppose -20*z - m = -42*z. What is the hundreds digit of z?
5
Suppose -2*v = 3*r - 0*v - 397, 3*v = 15. Suppose 121*i + 8760 = r*i. What is the thousands digit of i?
1
Let k(j) be the third derivative of 0*j**3 - 11*j**2 + 0*j + 25/6*j**5 + 0 - 1/12*j**4. What is the hundreds digit of k(-1)?
2
Suppose -71*w + 73*w = 28. Suppose -t = w*t + 255. Let z = t - -45. What is the units digit of z?
8
Let j(m) = 151*m - 432. What is the hundreds digit of j(12)?
3
Suppose 0 = 2*b - 51 - 11. Suppose 80 = c + 4*i - b, -4*c + 369 = i. Suppose 3*u - c + 37 = 0. What is the units digit of u?
8
Let p(j) = -5 - 16 - 9 - 24*j. Let s be p(-9). Let o = 302 - s. What is the hundreds digit of o?
1
Let z be (-5 - (-25)/15)/(5/(-1740)). Let o = z - 618. What is the hundreds digit of o?
5
Let u = 780 + 2175. What is the hundreds digit of u?
9
Let a(h) = -385*h - 1000. What is the units digit of a(-79)?
5
Let f = 381 + -381. Suppose -38*i - 3*i + 24108 = f. What is the units digit of i?
8
What is the hundreds digit of 27/(-243) + (-4 - 39286/(-9))?
3
Let m(p) = p**3 - 26*p**2 + 3*p - 22. Let b be m(26). Suppose f + 5*t = b + 29, -5*t + 25 = 0. Suppose -4*r - f = -224. What is the units digit of r?
1
Suppose 3*j = -2*v + 151159, -4281*j + 5*v = -4284*j + 151138. What is the hundreds digit of j?
3
Suppose 4092 - 26816 = -23*g. Let w = -354 + g. What is the hundreds digit of w?
6
Let s = 40 - 35. Suppose 0 = -s*k + 18 - 3. Suppose -2*l = -k*z - 99, 2*l = -0*l - 5*z + 75. What is the tens digit of l?
4
Let d = -2 - -7. Let f(o) = -2*o - 16. Let r be f(-12). Suppose -c - d*m = -206, -4*c = -r*c - 2*m + 860. What is the units digit of c?
6
Let y(v) = 10273*v - 609. What is the ten thousands digit of y(2)?
1
Suppose 0 = -2*m - 4*y + 77372, -12*m + 115995 = -9*m - 3*y. What is the units digit of m?
2
What is the thousands digit of -6*3056/12*190/(-20)?
4
Let k(a) be the first derivative of -a**4/2 - 2*a**3/3 + 12*a**2 - 6*a + 21. What is the hundreds digit of k(-6)?
2
Suppose -10*f + 8*f = -4. Let p(r) = 26*r**f - 10*r**2 - 10 - 11*r**2. What is the hundreds digit of p(-5)?
1
Let p be 1/2 + 3 + 565/(-10). Let v = p - -55. Suppose -6 = v*m - 30. What is the tens digit of m?
1
Suppose -51*d + 774930 = 59*d + 85*d. What is the hundreds digit of d?
9
Let w(k) = -1359*k + 5904. What is the ten thousands digit of w(-10)?
1
Let q = -478 + 1718. Suppose -68*g + 63*g = -q. What is the hundreds digit of g?
2
Let p = 18 + -13. Suppose 2*o + 36 = p*w, -5*w - 3*o = 2*o - 50. What is the tens digit of (166/(-3))/(w/(-12))?
8
Let b(g) = -59*g + 3. Suppose l = -12 + 17. Suppose l*s - 8*j + 3*j = -25, 3*s = j - 9. What is the tens digit of b(s)?
2
Let z be (-230)/55 - 20/(-110). Let v(l) = -19*l**3 - 7*l**2 - 17*l - 22. What is the tens digit of v(z)?
5
Let h = -7610 + 15143. What is the hundreds digit of h?
5
Suppose w + 2 = t - w, -2*w - 20 = 2*t. Let v(h) = 11*h**2 + 5*h + 1. What is the hundreds digit of v(t)?
3
Let r(v) = v**3 - v**2 - 5*v - 1. Let m be r(3). Suppose m*s = -3*c + 371, 2*c + c = -3*s + 564. What is the tens digit of s?
9
Let m(f) = -43*f + 85. Let t be m(2). Let u = 35 - 34. What is the tens digit of 1/u - (-1 + 226/t)?
2
Suppose 4*h + 40 = 260. What is the tens digit of h?
5
What is the units digit of 55/(-70)*-37082 + ((-91)/49)/(-13)?
6
Suppose -24*c + 21 = -75. Suppose -2*m - 2133 = -4*q + m, -2109 = -c*q - 5*m. What is the tens digit of q?
3
Let m(q) = q. Let y(h) = -4*h**2 - 15*h + 22. Let p(n) = -4*m(n) - y(n). Let z be p(11). Suppose 12*b - z = 449. What is the tens digit of b?
8
What is the tens digit of 0 + 5895 + (-6 - -10)?
9
Suppose 28*f + 924 + 1276 = 38*f. What is the units digit of f?
0
Suppose 0 = -3*x - l + 100808, 2*x - 137*l - 67198 = -134*l. Suppose -x = -74*w + 21*w. What is the units digit of w?
4
What is the tens digit of 29 + -14 + -23 - (-15133 + 1)?
2
Let r(h) = 15*h**2 - 27*h - 18. Let n be r(5). Suppose n*y - 233*y + 2046 = 0. What is the tens digit of y?
8
What is the tens digit of 295340/40*(-12)/(-3)?
3
Let v be 5073/(-9) - 4/3. Let q = v - -1148. What is the tens digit of q?
8
Let x = 25045 - 16392. What is the tens digit of x?
5
Let i be 48/9 + (-2)/6. Suppose -1691 = -3*t + 5*h, t - i*h + 537 = 2*t. What is the tens digit of t?
5
Let l be (14/(-42))/((-2)/(-7134)) - 1. Let p = 1891 + l. What is the hundreds digit of p?
7
Suppose -25*j + 35*j + 173584 = 29*j. What is the units digit of j?
6
Let n(j) = 6*j + 4. Let p be n(11). Suppose -598 = -4*t - p. Let d = t - 64. What is the units digit of d?
8
Let a = 51 - 47. Let j = a + 113. Let z = j + -47. What is the tens digit of z?
7
Let c(z) = -2541*z + 224. What is the thousands digit of c(-4)?
0
Let o(r) = 29*r**2 - 7*r + 12. Let s = 73 - 71. Let y be o(s). Suppose 0 = -h + 26 + y. What is the tens digit of h?
4
Suppose 4*r - 473 = -z, -4*r + 680 = 3*z + 205. What is the hundreds digit of r?
1
Let p(b) = b**3 + 20*b**2 - 16*b + 21. Let f be p(-10). Let o = f - 805. What is the hundreds digit of o?
3
Let i(m) = 2*m. Let r be i(1). Suppose r*a = -6, l - 5*a + 4*a = 9. Suppose 0 = -3*k + 15, l = 3*g - 5*k - 44. What is the tens digit of g?
2
Suppose 6*r - 24 = 3*r. Suppose 17*j = 6616 + 864. Suppose r*d = 4*d + j. What is the tens digit of d?
1
Let g(p) = 4*p**2 - 16*p - 41. Let x = 728 + -744. What is the thousands digit of g(x)?
1
Let m(i) = -3*i - 12. Let z be 6/(-9) + 220/(-30). Let g be m(z). What is the tens digit of -3 + g/3 - -67?
6
Let p = 422 - -7832. What is the units digit of p?
4
Suppose -2*y - r - 17 = -4*y, 4*r = -2*y + 42. Suppose -y = -o + 5*h, 2*h + 80 = -5*o - 0. Let k = 199 + o. What is the units digit of k?
5
Let z be (2535/20 - 1)/((-1)/(-4)). Let i = z + -41. What is the tens digit of i?
6
Let h(o) be the third derivative of -o**6/120 + 19*o**5/60 - 17*o**4/12 - 41*o**3/6 - 2*o**2 - 10. What is the hundreds digit of h(15)?
3
Let l(d) = d**3 - 40*d + 7*d**2 - 4 + 33*d + 3. Let s be l(-6). Let w = s - -82. What is the hundreds digit of w?
1
Let m(f) = f**2 + 13*f + 4. Let q be m(-13). Let i be 2*(-274)/q + 2. Let n = i + 227. What is the units digit of n?
2
Suppose 4*n + 0*h = -4*h + 12, 7 = -n + h. Let m = 1935 - 1904. What is the tens digit of m - 8*1/n?
3
Let q(f) = 2*f**3 + 93*f**2 + 50*f + 127. What is the units digit of q(-44)?
7
Suppose 3619*j + 1554 = 3621*j. What is the units digit of j?
7
Let t(z) = 69*z**3 + 27*z**2 - 86*z - 5. What is the tens digit of t(3)?
4
Let j(r) = 1236*r + 855. What is the hundreds digit of j(4)?
7
Suppose 4*i - 3*r - 43438 = 0, -5*i + 2*i + 32570 = 2*r. What is the hundreds digit of i?
8
Let f(c) = c**3 + 2*c**2 - 3*c + 1. Let w be f(-3). Let b(m) = 498*m**2 - 2*m - 1. What is the hundreds digit of b(w)?
4
Let d be (95/(-76))/((-4)/16). Suppose 5094 = d*m - a, -14*a - 5096 = -5*m - 15*a. What is the tens digit of m?
1
Suppose 0*s = b - 5*s - 101, 5*b = 3*s + 439. Suppose -4*g = 4*n - 2*g + b, -3*n - 87 = -3*g. What is the tens digit of (6/(-4))/(n/208)?
1
What is the ten thousands digit